me factors of l(-15)?
13, 19
Let j be 10/(1/(-6) + (-16)/(-6)). Suppose j*o - 328 = -3*d, -5*o + 2*d - 122 = -532. List the prime factors of o.
2, 41
Let v(a) = 67*a**2 + 2*a + 4. Let d(n) = 68*n**2 + 3*n + 5. Let w(s) = -3*d(s) + 4*v(s). Let o be 3*(4 - 3) - 2. List the prime factors of w(o).
2
Let j(p) = 31*p**3 + 13*p**2 + 34*p**3 - 17 - 5*p**2 - 66*p**3 + 11*p. Let d be j(7). Suppose -627 - d = -4*a. List the prime factors of a.
2, 23
Suppose 5*j - 419 = r + 211, -5*j - 2*r + 645 = 0. Suppose 2*d + j = p - 304, -4*d = -p + 425. What are the prime factors of p?
19, 23
Let c = 31 + -34. Let a be ((308/(-8))/(-1))/(c/(-6)). Let w = 126 - a. What are the prime factors of w?
7
Suppose 22228 = 2*t + 3*h, 0 = -4*t + 5*h + 39284 + 5216. What are the prime factors of t?
2, 5, 139
Suppose l = -4*g + 3*l + 56, 4*l = 2*g - 16. Suppose -2*s + 2*q + g = 0, 0 = s + q + 4*q - 38. What are the prime factors of s?
13
Suppose -2*c - 2*m + 383 = -471, 5*c - 2165 = m. Suppose 6*f - c + 42 = 0. What are the prime factors of f?
5, 13
Let h(y) = -18*y + 0*y - 29*y**2 + 28*y**2 - 12. Let j be h(-15). Let u = j + 76. List the prime factors of u.
109
Suppose 25*c - 30*c - 15 = 0. Suppose 0 = 5*x - 8*x - 12. List the prime factors of x/(c + -1) + 35.
2, 3
Let r = -99441 + 166697. What are the prime factors of r?
2, 7, 1201
Let d(o) = 330*o**2 - 7*o + 17. Let f be d(2). Let i = f - 896. List the prime factors of i.
7, 61
Let q(c) = 2*c**2 - 5*c - 19. Let n(l) = l**2 - 13*l + 7. Let j be n(13). Let x be q(j). Let z = 30 + x. What are the prime factors of z?
2, 37
Suppose 0 = 26*p + 1991 - 6073. Suppose -216 = -s + p. List the prime factors of s.
373
Let a be (-108)/2*(-16)/24. Suppose 3*g + a - 45 = 0, -3*f = g - 1341. List the prime factors of f.
2, 223
Suppose 69*r - 2381764 = -64*r. What are the prime factors of r?
2, 11, 37
Let n(j) = -3*j + 10. Let l be n(10). What are the prime factors of -363*10/25*l/12?
2, 11
Suppose 3*x - s - 22 = 0, s - 3 = -4*x + 24. Let o be 4 + -6 + -3 + x. Suppose o*i - 8*i + 612 = 0. List the prime factors of i.
2, 3, 17
Let r(q) = -139*q + 589. What are the prime factors of r(-27)?
2, 13, 167
Suppose -22*i = -18*i - 8. Let u(y) = -6*y**2 + 0 + y**3 + 3*y**i + y**2 - 4 + 3*y. List the prime factors of u(4).
2, 5
Let s(c) = 118 - 5*c - 22*c - 24*c - 20*c + 8*c. What are the prime factors of s(-12)?
2, 19, 23
Suppose 1632 = -2*v - 2*z, 0 = -z + 4*z - 12. Let c = v + 1197. What are the prime factors of c?
13, 29
Let i(q) = -15436*q + 659. What are the prime factors of i(-1)?
3, 5, 29, 37
Suppose 4*k - 2291 = 1593. Suppose 0*d = 3*d + 4*w - k, 0 = -2*d + 5*w + 609. What are the prime factors of d?
317
Suppose -29*f = -14*f - 30. Suppose -7*g + f*n = -3*g - 632, -5*g - 4*n + 777 = 0. List the prime factors of g.
157
Let l be 19 + -22 - -6*1/(-2). Let c(y) = -120*y - 97. What are the prime factors of c(l)?
7, 89
Let x = 170 - 161. Let i(d) = -63 - 9 + 116 + 4*d - 3*d. What are the prime factors of i(x)?
53
Let b = 672 - -3835. What are the prime factors of b?
4507
Let t(k) = 23*k + 32. Suppose 6 - 90 = -6*g. What are the prime factors of t(g)?
2, 3, 59
Suppose 0 = 859*g - 851*g - 169848. What are the prime factors of g?
3, 7, 337
Let u = -1 + 1. Let g be 25/(-15)*(-36)/20. Suppose u = 6*z + g*z - 648. List the prime factors of z.
2, 3
Suppose -4*c = -5*f - 44, -3*c - 24 = -4*c - 2*f. Suppose -12*l + c - 4 = 0. List the prime factors of (10 - 10) + (13 - l) + 0.
2, 3
Let r(y) = -30*y - 258. Let m be r(-29). Let n = 2079 - m. List the prime factors of n.
3, 163
Let z(g) = -141*g + 2046. What are the prime factors of z(-69)?
3, 5, 157
Let i(v) = -2*v + 2. Let g(a) = -4*a + 3. Let s(h) = h**2 + 26*h + 44. Let m be s(-24). Let n(x) = m*i(x) + 5*g(x). What are the prime factors of n(-5)?
67
Let y(p) be the first derivative of -11*p**3/6 - 14*p**2 - 20*p - 11. Let w(a) be the first derivative of y(a). What are the prime factors of w(-3)?
5
Let p = 944 - -1663. List the prime factors of p.
3, 11, 79
Let c = 95 + 198. Suppose 148 = j - 3*p - c, 5*p + 15 = 0. What are the prime factors of j?
2, 3
Suppose 6*y - 72 = 9*y. What are the prime factors of ((-2)/(y/885))/((-11)/(-44))?
5, 59
Let y be -1 + 0 + (15 - 11). Suppose -b + 84 = y. Suppose -m = -b - 6. What are the prime factors of m?
3, 29
Let n be ((-3964)/3)/((-6)/207). What are the prime factors of n/46 + 1 + -4?
2, 13, 19
Suppose -2*g + 21 = c - 0*c, -3*c + 4*g + 13 = 0. Suppose -c + 11 = -5*m. Suppose -227 = -m*j - j - s, -3*s = 4*j - 906. List the prime factors of j.
3, 5
Suppose 5*k + 13 = -2*x, -4*k - 7 = -3*x + 8. Let g(f) = 113*f**2 - 2 + 2*f + 91*f**2 - 55*f**2. What are the prime factors of g(x)?
149
Let m(u) = u**3 + 6*u**2 + u + 11. Let j be m(-6). Suppose -j*t - 3*c + 4*c = -343, 0 = 5*t - 5*c - 355. What are the prime factors of t?
2, 17
Suppose 118*c - 113*c + 539 = q, 0 = 3*q - 5*c - 1567. Let h = q - -1070. What are the prime factors of h?
2, 3, 11
Let h(t) be the second derivative of -2*t**3/3 - 29*t**2/2 - 25*t. Let c be h(-8). Suppose 6*q - 225 = -c*q. What are the prime factors of q?
5
Let z = 520 - 785. Let u = z + 305. What are the prime factors of u?
2, 5
Let q(z) = 12*z - 62. Let x be q(5). List the prime factors of (x - 3) + 6/((-42)/(-6307)).
2, 7
Let v(t) = 11*t**3 + 2*t - 3. Let y be v(1). Suppose -y = 2*w - 0*w, 2*r + w = 339. Suppose -u - r = -2*u. What are the prime factors of u?
2, 43
Let h(v) = -5*v - 39. Let s be h(-10). Let n = 11 - -14. Suppose -j + 4*j + x = s, -n = -5*x. List the prime factors of j.
2
Suppose -s + 2*s - 11 = 0. Suppose -t + 10 + 4 = 2*m, -m + 4*t - s = 0. Suppose -o + 337 = m*p, 7*p - 4*p + o - 201 = 0. What are the prime factors of p?
2, 17
Suppose -o = -3, -8*k - 5*o = -5*k - 360. Let w(i) = 71*i**2 - i. Let j be w(-1). Let f = k - j. What are the prime factors of f?
43
Let m(a) = 13*a**2 - 110*a - 27. What are the prime factors of m(-15)?
2, 3, 379
What are the prime factors of (1 - -5) + 38*(5 + (-5)/(-10))?
5, 43
Let b(a) = a - 25. Let w be b(34). Suppose 0 = w*r - 1697 - 220. List the prime factors of r.
3, 71
Suppose -4*p - 34 - 2 = 0. Let a(v) = 2*v**2 + 18*v + 3. Let u be a(p). Suppose -5*w + 252 = 3*f, u*w + f - 153 = -1. What are the prime factors of w?
3, 17
Let q(m) = 261*m + 6335. What are the prime factors of q(15)?
2, 5, 41
Suppose -5*f + 2*q + 0*q + 1925 = 0, f - 5*q = 408. Suppose 5*j - f = -13. Suppose -d + 9 + j = 0. What are the prime factors of d?
83
Let z(k) = k**3 - 9*k**2 + 44*k - 167. List the prime factors of z(15).
19, 97
Suppose -3*t + 100 = t. Suppose -85 = -3*d + g, -62*g + 58*g = -2*d + 60. Suppose -t*q = -d*q + 750. List the prime factors of q.
2, 5
Suppose 4*y = 3*x + 77235 - 23119, y - 5*x - 13512 = 0. What are the prime factors of y?
2, 17, 199
Suppose 0 = -f - 3*l - 7, -5*f + 2*l + 0 + 16 = 0. Let b be ((-36)/32*f)/((-3)/36). List the prime factors of 1602/b*6/4.
89
Let s(q) = -5*q + 147. Let k be s(29). Suppose -k*o = -2*c + 1288, -c - 262 = 4*o - 881. What are the prime factors of c?
3, 71
Let m = -656 - -1171. Suppose -5*z = 5*g - m, 5*g + z = g + 406. What are the prime factors of g?
101
Let x = -4 - -1. Let r(l) = -32*l - 17. Let f be r(x). Suppose 75*a = f*a - 292. List the prime factors of a.
73
Suppose -753*g + 752*g + 2 = 0. Suppose -s = -12*o + 11*o - 183, -g*o = 4*s - 750. What are the prime factors of s?
2, 3, 31
List the prime factors of (1081 + 27)/((26/12)/13).
2, 3, 277
Suppose -14*m + 2475 = 3*l - 10*m, 2*l + m - 1650 = 0. List the prime factors of l.
3, 5, 11
Let y = 16 + 45. Let n = 301 - y. List the prime factors of n - (20/(-15) - 2/(-6)).
241
Let b = -73 + 78. Let p = b + 13. What are the prime factors of 145 - (p/(-3) + 4)?
3, 7
Let m(i) = -8*i**2 - 1370*i - 398. What are the prime factors of m(-155)?
2, 3, 823
Let p(y) = 9199*y - 3587. What are the prime factors of p(6)?
51607
Let g = 1250 + -2121. Suppose -m + 95 = 4*n + 2475, -4*n - 2*m = 2380. Let b = n - g. List the prime factors of b.
2, 3, 23
Let q(z) = 60*z**2 - 10*z - 22. Let y = 95 + -97. What are the prime factors of q(y)?
2, 7, 17
Suppose -53*a + 9*a = 57*a - 8308058. List the prime factors of a.
2, 11, 3739
Suppose 156*h - 168*h + 48 = 0. Suppose 0*n - 5*n - 452 = -4*b, -n = -h. List the prime factors of b.
2, 59
Sup